(n) = 21*n**3 - 3*n**2 + 7*n - 5. Is r(w) a composite number?
False
Let d(h) = 150238*h**3 - h**2 + 99*h - 97. Is d(1) composite?
False
Let g = 39 + -36. Suppose 0*n = g*n + 7161. Let q = -1068 - n. Is q a prime number?
True
Let k be 2*-2 - (-4 - (2 - -11)). Suppose 4*l + 18855 = k*l. Is l composite?
True
Let o = -25089 + 84080. Is o a composite number?
False
Let u = 119 - 116. Suppose 22*p + u*p = 42725. Is p a prime number?
True
Let m(g) = -823*g**3 + g**2 - 27*g - 248. Is m(-9) a prime number?
True
Let x(b) = -23*b**2 - 62*b + 145. Let j(z) = 34*z**2 + 94*z - 217. Let n(y) = 5*j(y) + 7*x(y). Is n(23) composite?
False
Suppose -63103 = -6*g + 16751. Is g composite?
False
Suppose 47056 + 78029 = 15*n. Is n a composite number?
True
Suppose 18*u = -14*u + 36*u. Suppose 145*s - 139*s - 63564 = u. Is s composite?
True
Let y = 13110 - 7229. Suppose 1737 = 13*a - y. Is a a prime number?
False
Is 99465660/(-378)*6/(-4) composite?
True
Let v(y) be the first derivative of -723*y**2 - 173*y + 30. Is v(-9) a prime number?
True
Suppose 12*f + 1890 = -3*f. Let c = f - -569. Is c composite?
False
Let t be 1/(-3) + 2 + (-32)/12. Is (t + -1900)*(11 + -12) a prime number?
True
Let m(p) = p**3 - p**2 - 1. Let r(c) = 8*c**3 - c**2 - 4. Let d(s) = 5*m(s) - r(s). Let f be d(-2). Suppose -f*l + 285 = -5686. Is l prime?
True
Suppose 0 = -17*u + 716219 + 173510. Is u a prime number?
False
Let w(n) = 1968*n**2 + 25*n - 72. Is w(5) a prime number?
True
Suppose 10*o + 385142 = 9*o + 3*o. Is o a composite number?
False
Let l(p) = -1065*p + 27. Let t be l(-7). Suppose -8*d + 2*d - t = 0. Let j = d - -2394. Is j composite?
True
Let o(f) = 2671*f - 947. Is o(18) a prime number?
False
Let k be 2/(-3) + 49/(-3). Let d = -8 + k. Is ((-3786)/10)/(-6 - 145/d) prime?
False
Let o(l) = 36603*l**2 - 2247*l - 15707. Is o(-7) a prime number?
True
Let f = -162 + -26. Let x = f - -315. Is x composite?
False
Is ((51110/50)/(-19))/((-2)/1990) a prime number?
False
Suppose 4*d + 2*f = 22, 2*d - d = 2*f - 2. Let o be ((-4)/4)/(d/24). Is 10073/9 + o/27 a composite number?
True
Suppose 0 = -2*v - 4, 3*l - 13 - 3 = 5*v. Suppose 12*m = l*m + 208070. Is m a prime number?
True
Let v(a) = 1269*a + 403. Is v(16) composite?
False
Suppose -4*y - 4*k = -6272, -y - 2*k + 1566 = k. Suppose y = 2*p - 2907. Suppose 2*i = -4*i + p. Is i a composite number?
False
Let h = -130 - -145. Let g(y) = 2*y**3 - 17*y**2 - 7*y - 63. Is g(h) composite?
True
Let s = 41091 + -15998. Is s composite?
True
Let i be (-860)/(-3) + (-65)/(-195). Let z = i + -25. Is z a prime number?
False
Suppose -408*k + 412731243 = -21*k. Is k composite?
True
Suppose -85*m + 187*m - 16950054 = 0. Is m prime?
False
Let l(i) = 178*i + 17. Suppose 5*c = -4*s + 25, -4*s = -c - 2*s + 5. Is l(c) composite?
False
Is ((-10828)/6)/(4/(-552)*1660 + 12) a composite number?
True
Let t = -203 - -102. Let f = 104 + t. Suppose -f*s + 2232 = -3435. Is s prime?
True
Let r be (-1)/(3 + 1 - 77013/19253). Suppose 16*p - r = 3*p. Is p a composite number?
False
Let o = 263784 + -64115. Is o a composite number?
False
Suppose -l + 2 = l. Let v = 3 + -6. Is 626 + v/l - 1 prime?
False
Let w(n) = 2*n**3 - 7*n**2 - 15*n - 59. Let v = -138 - -152. Is w(v) composite?
False
Let j be ((-48)/(-9))/4*45/6. Let z = 109 - j. Suppose 1615 = 2*y + z. Is y prime?
False
Let l be -1 - -2 - 3 - (-5 + -2). Suppose 3*c - l*f - 13408 - 40147 = 0, 2*c - 3*f = 35704. Is c a prime number?
False
Suppose -6*f - 45 = -3*f. Let s be (18/f)/((-6)/20). Suppose -s*y - 2*i = -4*i - 1178, 0 = -5*y - i + 1476. Is y prime?
False
Suppose 28 = 2*s - 4*a, -23 = -4*s + a + 5. Let r(n) = -9 - 6 - 2 - s*n. Is r(-10) prime?
True
Let i(h) be the second derivative of -257*h**6/30 - h**5/60 + h**4/8 + h**3/2 + 15*h**2/2 - 10*h. Let q(o) be the first derivative of i(o). Is q(-1) prime?
False
Let n(q) = 4418*q - 2389. Is n(12) prime?
True
Suppose 208 = -2*j + 10*j. Let h be (-27)/(-36)*(1*-2 - j). Is (-1526)/(-4) + h/42 composite?
True
Let x(q) = 2609*q**3 + 98*q**2 - 98*q. Is x(1) composite?
False
Let h(d) = 190*d + 34. Let f(b) = 8*b - 12. Let g = 74 - 72. Let l be f(g). Is h(l) composite?
True
Let c = -226597 + 397980. Is c prime?
True
Suppose -10 = 2*u - 4*u. Suppose m + 5*n - 22 = -0*n, 18 = u*m + 2*n. Suppose y - 4*y - 3316 = -m*k, 0 = -4*k + 2*y + 6624. Is k prime?
False
Let l(w) = 13*w**2 + 250*w - 1258. Is l(5) prime?
True
Let z(k) = -k + 1. Let d(o) = -13*o - 5. Let x(c) = d(c) - 6*z(c). Let b be x(-2). Suppose 4*l - 5867 = -3*y, y + b*y - 7811 = -3*l. Is y prime?
True
Suppose 0 = 41*t + 80*t - 5517031 - 26813322. Is t a prime number?
True
Let f be (-4)/2 - (1 - 9 - 3740). Suppose 2*o - 4160 = f. Is o a composite number?
True
Let q = 640 - 586. Is 395427/25 - q/675 a composite number?
False
Suppose 25*c + 24498 = 34*c. Suppose -a - 4*j + 4385 = 0, 3*a = j + 10433 + c. Is a composite?
True
Suppose -1467454 - 528190 = -20*b + 1449216. Is b prime?
True
Let u be 3754/(-4) - (-15)/(-10). Let s = 2837 + u. Is s a composite number?
True
Suppose 0*c = -13*c + 921992 + 180057. Is c a composite number?
True
Is (-202498)/(-10) + 1460/(-1825) a composite number?
False
Let q(p) = 13*p**3 + 4*p**2 - 2*p + 3. Let u be q(2). Suppose 117*i = u*i - 6898. Is i a composite number?
False
Let f(w) = -7 + 6*w + 3*w**2 + 14 - w**3 - 12. Let z be f(4). Suppose 3*x + 667 + 248 = z*u, -5*u + 4*x = -1527. Is u composite?
False
Let w = 125 - 76. Let b = -46 + w. Suppose t - 1 = 0, b*t - 286 = -d + 834. Is d a composite number?
False
Let u(f) = f**3 + 111*f**2 + 56*f - 365. Is u(-76) prime?
True
Let n(r) = 7*r - 11. Let b be n(-2). Is (b - -24)/(3 - (-15664)/(-5221)) prime?
False
Suppose -5098 + 24190 = -12*m. Let p = m - -933. Let z = p - -1731. Is z composite?
True
Let w = 405800 + -221673. Is w composite?
True
Let h = 1105 - 752. Suppose h*o = 357*o - 3068. Is o a composite number?
True
Let q = 2395 - 38. Is q prime?
True
Let u be ((-25)/75)/(2/4020*2). Let b = 1764 - u. Is b a composite number?
False
Let k(p) = -2151*p + 9. Let f be k(-1). Suppose 0 = -4*m - 4*b + f, -3*m + 14*b = 9*b - 1580. Is m composite?
True
Suppose -20 = 4*d, -1177*c + 1174*c - 4*d + 2377057 = 0. Is c composite?
False
Let g(u) = 52 - 68 + 61 - 5017*u. Is g(-1) a prime number?
False
Let t(a) = -162*a**3 + 2*a**2 + 6*a + 5. Let f = -555 - -551. Is t(f) a prime number?
False
Suppose 58*w - 53*w = 2*i - 26458, -4*w = -16. Suppose -23*z + 13832 + i = 0. Is z a prime number?
False
Let r be (-983)/3 + 64/96. Let q = 1358 + r. Is q a prime number?
True
Let o(d) = -2408*d + 33. Let l be o(-8). Suppose 3*x - 3*k = 5929 + 5651, 5*x - 2*k = l. Is x composite?
True
Suppose -y = -5*p - 1465 - 2219, 0 = 2*y - 3*p - 7375. Let b = -1454 + y. Suppose -2*l = -5*h + 2245, -2*h + 7*h - 4*l - b = 0. Is h a composite number?
True
Let t(d) = d**2 - 14*d + 13. Let j be t(14). Let r(x) = x**3 - 14*x**2 + 14*x - 7. Let w be r(j). Suppose -y - 2 = 0, w*a - 1219 = 3*a - y. Is a prime?
False
Let p(m) = -286*m + 4 + 1 - 384*m + 33*m. Let a be p(2). Is 2/(2*-2)*(-13 + a) a composite number?
False
Suppose 313769 + 316486 = 2*m - q, 3*m = q + 945386. Is m composite?
True
Suppose -3*u + 4*g + 79561 = 0, -4*g = 3*u - 104097 + 24544. Is u prime?
False
Let g be 16390/10 + (-1)/(-1 - -2). Suppose 3*y - g = 570. Suppose 7*o - y = 2197. Is o a composite number?
False
Let u be (-5)/(15/(-156))*(-11755)/(-20). Suppose 41*j - 131100 = u. Is j a prime number?
True
Let o = -2357 + 1400. Suppose -3*i + 14*i = 3*w - 7526, w - 2510 = 3*i. Let a = o + w. Is a composite?
False
Suppose h - 3821 = -d, 28*d + 3*h - 3821 = 27*d. Is d a prime number?
True
Let c(i) = -i**3 + 5*i**2 + 6*i + 2. Let y be c(6). Let o(z) = 53*z**2 - 50*z**2 + 3 - 18 - y*z. Is o(7) composite?
True
Let t(z) = 1432*z - 4498. Is t(12) prime?
False
Suppose 0 = -a - n + 1077843, 0 = -5*n - 222 + 232. Is a composite?
False
Let b = -118872 + 265495. Is b prime?
False
Let a = 2098 - 975. Is a a prime number?
True
Let l(a) = -10*a**3 + 1 - 3*a**2 - 9 + a + 5 + 7*a. Is l(-4) a composite number?
False
Is -534063*(-1)/(2/1 - (4 + -5)) composite?
False
Let p be (-1)/((-1)/12*3). Suppose -5*l = 5*x - 6315, -p*l = x + 2751 - 7806. Suppose -d + l = 7*d. Is d a prime number?
False
Let h(x) = 8*x**2 - 18*x + 24. Let f(u) = 2*u. Let v(y) = 2*f(y